e second derivative of -x**5/20 + 7*x**4/12 - x**3 - 5*x**2/2 + 911*x. What is m(a)?
-5
Let u = 9 - 10. Let d(f) = 35 + 39 - 75 - f - 9*f**2. What is d(u)?
-9
Let g(t) = 5*t + 2. Let v(w) = 7*w + 2. Let b(q) = 4*g(q) - 3*v(q). Give b(-8).
10
Let z = -879 + 876. Let i(j) = 4*j + 1 - 3*j**3 - 3*j**2 + 2*j**3 - 3*j. Determine i(z).
-2
Let h be ((-4)/34 + (-11480)/(-476))/(-2). Let o(s) = -4*s - 4. Calculate o(h).
44
Suppose -4*d - d + c = -45, 5*c - 25 = 0. Let f be (d/6)/(5/15). Let a(u) = u - 3. Give a(f).
2
Let l be (-22)/(-55) - 3*(-4)/20. Let c(y) = 16*y. What is c(l)?
16
Let g(x) be the third derivative of -3 + 0*x + 1/12*x**4 - 2*x**3 - x**2. Determine g(9).
6
Let t(w) = w**3 + 7*w**2 - 8*w + 4. Let s be t(-8). Let k(m) = 2*m**3 + 3*m**2 + 1 + 5 - s*m**2 - m**3. Calculate k(0).
6
Let u(z) = -2*z - 6. Let t be (-4)/(-26) - (-350)/91. Suppose 0 = -2*h + t*h + 2. Let b be h + 0 - 12/4. What is u(b)?
2
Let r be 2*((-36)/(-8) + -3). Let a be (-9)/r*(-16)/(-3). Let y = a + 19. Let c(j) = -j + 1. Determine c(y).
-2
Let t(h) = 0 + 1 + 3 - 2*h. Let n be t(3). Let a(r) = -6*r**2 - 3. Let i(p) = -11*p**2 - p - 6. Let v(l) = -5*a(l) + 3*i(l). Determine v(n).
-9
Let b(w) = w**3 - 12*w**2 - 6. Let p be b(12). Let q(u) be the third derivative of -u**4/24 - u**3/3 + 8*u**2. Calculate q(p).
4
Let r = 9648 - 9644. Let w be 0/(-2)*(0 + 1). Let n(d) = -3 + w*d**2 + d**2 - 4*d - d. Determine n(r).
-7
Let h(r) = 3*r**3 - 32*r**2 + 22*r - 19. Let b(i) = i**3 - 10*i**2 + 7*i - 6. Let d(j) = 7*b(j) - 2*h(j). Let k = -8 + 13. Calculate d(k).
-4
Let n(z) be the third derivative of -z**6/120 + z**4/8 + 5*z**3/6 + 2*z**2 - 69*z. What is n(-4)?
57
Let z(k) be the third derivative of k**8/6720 + k**7/420 + k**6/180 - k**5/30 - 3*k**4/4 + 24*k**2. Let q(n) be the second derivative of z(n). Give q(-4).
12
Let a(o) be the first derivative of -2/3*o**3 - 1/2*o**2 + 0*o + 1 + 5/4*o**4. What is a(-1)?
-6
Let t(g) be the third derivative of g**7/840 - g**6/72 + g**5/24 - g**4/8 + 7*g**3/3 + 45*g**2. Let x(f) be the first derivative of t(f). Give x(3).
-6
Let v(d) = -14*d**2 - 2*d**2 + 3*d**2 - d**3 - 6 - d - 3 + d**2. Calculate v(-12).
3
Let g = 26 + -24. Suppose 2*m + 18 = -g*v, -2*m - 15 = -v - 6. Let u(n) = -n**3 - 5*n**2 + 5*n - 8. What is u(m)?
-2
Let g be (-4 - -1) + 0 - -1. Suppose -6*d + 2*d = -8. Let s(p) = p**2 - p - 1. Let q(w) = w**3 + 6*w**2 + 2*w + 1. Let r(v) = d*s(v) - q(v). Give r(g).
-3
Let a(q) = -2*q - 2. Suppose 24 = -9*o + 5*o. Let l(b) = b + 1. Let p(i) = o*a(i) - 10*l(i). Determine p(-3).
-4
Let v(d) = -14*d**2 - 7*d + 1. Let n(q) be the third derivative of -2*q**5/3 - 5*q**4/6 + q**3/2 + 7*q**2. Let m(i) = 6*n(i) - 17*v(i). Calculate m(2).
-9
Let d(r) be the third derivative of r**4/8 + r**3/3 + r**2. Let l = 619 + -617. What is d(l)?
8
Let v = -17 + 9. Let b(a) be the first derivative of a**5/60 + a**4/3 - a**3 + 14*a**2 - 16. Let i(h) be the second derivative of b(h). Give i(v).
-6
Let p(f) be the second derivative of f**3/6 - 5*f**2 + 5*f. Determine p(3).
-7
Let g(n) = -n - 1. Let w(z) = z**2 + 7*z + 9. Let i be w(-7). Let j = 3 + -8. Let t = j + i. What is g(t)?
-5
Let m(l) = 0 + 48*l**2 - 47*l**2 - 6*l + 7. Give m(5).
2
Let d = -5 + 1. Let y(w) = -5 + 43*w - 37*w - 7*w. Determine y(d).
-1
Let j(t) = -t**2 + t + 5. Suppose 0 = 2*d + 2*z - 0*z + 2, 4 = -2*d - 4*z. Let s be d/11 + (5 - 1). Determine j(s).
-7
Let h = 384 - 381. Let k(m) be the first derivative of m**2/2 - m - 2. Calculate k(h).
2
Suppose 3*p + p + 8 = a, -2*a - 2*p = -16. Let z = a + -5. Let c(g) = -3*g - 5*g + z*g + 4*g. Determine c(0).
0
Let p(v) be the second derivative of -11*v - 1/2*v**2 + 0 + 1/6*v**3. Give p(3).
2
Let z be (73/219)/(4/6). Let m(j) be the second derivative of z*j**3 - 6*j + 0 - 1/20*j**5 - 1/4*j**4 - j**2. Determine m(-4).
2
Let x be (119/17 - (7 - 0))*1. Let p(a) = -a. Let y(h) = -h**3 + h**2 + 5*h - 2. Let z(i) = 4*p(i) + y(i). Calculate z(x).
-2
Let i(v) be the second derivative of -v**4/2 + v**3/3 + v**2 - 4*v + 108. Give i(-1).
-6
Let o(t) be the third derivative of 0*t + 0 + 1/4*t**4 - t**2 - 1/6*t**3 + 1/120*t**5. Let p(q) be the first derivative of o(q). What is p(-6)?
0
Let z(s) = -3*s + 4. Let n(y) = y**3 - 13*y**2 - y + 20. Let b be n(13). Suppose -2*g - 2*d = -g + 3, -9 = -2*g + d. Suppose -g + b = c. What is z(c)?
-8
Let d(k) = 7*k + 1 - 5*k**2 + 11*k**2 - k**3 - 4. Let q be ((-59)/9)/(8/(-48))*3. Let j = q + -111. Give d(j).
-3
Let s(c) be the third derivative of c**5/60 + c**4/3 - c**3 + 2*c**2 - 95. What is s(-9)?
3
Let l be (-20)/6 - (-1)/3. Let s(b) = -2 - 3*b**3 + 101*b**2 + 4*b**3 - 98*b**2. Determine s(l).
-2
Suppose -d + 2*d - 3 = -j, 5*j + 25 = 5*d. Let c = -50 - -58. Let a(s) = -2*s - 1 + 5 + 3 - c. Give a(j).
1
Let i(j) = 5*j**2 + j. Let h be (24 + 3 + -4)/(-1). Let y = 25 + h. Let p = 1 - y. Give i(p).
4
Let h(l) = -l**3 + 9*l**2 + 3. Let n(a) = 4*a**2 + 22*a - 3. Let u be n(-6). What is h(u)?
3
Let l(x) = -6*x**2 + 2*x - 3. Let y(k) = 10*k**2 - 3*k + 4. Let b(n) = 8*l(n) + 5*y(n). Calculate b(-3).
11
Suppose 4*d - 49 - 27 = 4*a, 35 = d - 5*a. Suppose -5*y + 9 = -2*s, -7*s + 2*s + d = 0. Let i(p) = 6*p + y*p + 8*p**2 - 8 - 3*p + p**3. Determine i(-7).
-1
Let u be ((5 - 4) + -3)*2/(-4). Let v(x) be the first derivative of 7*x**2/2 - x + 4. Give v(u).
6
Suppose 5*i - 10*i + 20 = 0. Suppose i*k = -k - 60. Let w be (-4)/(28/k - -3). Let n(g) = -g**3 - 5*g**2 + 8*g + 6. What is n(w)?
-6
Let x(f) = -f - 4. Let g = -2 - 4. Let b(s) = 3*s + 12. Let p = -33 + 16. Let d(l) = g*b(l) + p*x(l). Give d(-2).
-2
Let j(n) = -14*n**2 + 2*n + 2. Suppose 3*c + c = -24. Let h(o) = -5*o**2 + o + 1. Let i(y) = c*j(y) + 17*h(y). Give i(5).
5
Let j(k) = 41 - 22 + k**2 + 9*k - 18. Calculate j(-6).
-17
Let f(d) = -d**3 - 6*d**2 + 8*d + 17. Let s be -13 + (8 - (-2)/(-1)). Give f(s).
10
Let n(s) be the first derivative of s**4/4 - 13*s**3/3 + 13*s**2/2 - 7*s + 82. Determine n(12).
5
Let r(k) = -4*k**3 + 27*k**2 + 25*k - 55. Let b(j) = j**3 + j**2 + j + 5. Let h(z) = -5*b(z) - r(z). Give h(-31).
-1
Let i(a) = -2*a**3 + 2*a + a**3 - 3*a**2 + 5 + 0*a. Let s(v) = -v**2 - 14*v - 25. Let m be s(-10). Suppose m - 51 = 9*n. Give i(n).
13
Let m(f) be the third derivative of -f**6/120 + f**5/10 + 5*f**2 + 198*f - 1. Let v(y) = y + 2. Let t be v(4). What is m(t)?
0
Let h = -2 + 161. Let b(o) = -o**3 - 158 + 0*o - 2*o + h + o + 4*o**2. Calculate b(4).
-3
Let l(n) = -2*n**2 - n - 5. Suppose 99 = -25*i - 8*i. Calculate l(i).
-20
Let r(m) be the first derivative of -m**4/4 + 4*m**3/3 - 2*m**2 + 5*m - 73. Give r(3).
2
Let v(t) = -2*t - 6. Suppose -5*o + 5*k = -5, -4*o - 2*k + 28 = -0. Suppose 16*a = 15*a - o. Determine v(a).
4
Let q(j) = 3*j + 9. Let w(o) = -6*o**2 - 4*o + 3. Let n be w(1). Calculate q(n).
-12
Let c = -1 + 1. Let y(m) = 45 - 9*m + 10*m - 33. Calculate y(c).
12
Let r(q) be the second derivative of -q**2 + 1/20*q**5 + 1/2*q**4 - 26*q + 0 + 0*q**3. Determine r(-3).
25
Let o(n) = n + 1. Suppose -5*r - 5*g = 175, 5*r + g + 237 = 82. Let x be 6/r*1*-35. Determine o(x).
8
Let p(n) = -4*n**2 + 11*n + 22. Let h(a) = 5*a**2 - 13*a - 24. Let o(s) = 5*h(s) + 6*p(s). Calculate o(0).
12
Suppose 5*y - 23 = -m - 0*y, 3*y = -4*m + 24. Suppose -m*a = -0 - 6. Suppose -3*f + a*f = 0. Let b(r) = -r**2 + r - 11. Give b(f).
-11
Suppose 101*u - 5*i - 31 = 103*u, 5*u = -2*i - 46. Let z(l) = -3*l - 8. What is z(u)?
16
Suppose -k = -28 - 3. Let j = k + -36. Let s(p) = 3*p. Determine s(j).
-15
Suppose 0 = 4*c + 4*z - 40, -z = 2*z - 15. Let k(y) = c*y**2 - 42*y + 1 + 41*y - 2. Give k(-1).
5
Suppose 4*l - 2 = 2. Let u(w) = -898*w + 3 - 4 + 448*w + 442*w. Determine u(l).
-9
Let r(z) = -2*z**3 + 4*z**2 - z - 1. Let n(a) = -9*a - 24. Let u be n(-3). Give r(u).
-22
Let d(s) = -404 + 201 + 3*s + 205 - 3*s**3 + s**2. Calculate d(-2).
24
Let q(a) = 9*a - a**3 - 6*a**2 + 5 + 7 - 6. Let s be q(-7). Let i(w) = -w**3 - 7*w**2 + 7*w - 7. Give i(s).
1
Let a(r) = 4*r + 4. Let c be 11 - (-1 - (-4 - -2)). Let v be 26/c - (-6)/(-10). Suppose -v*p + 0*p = -6. Determine a(p).
16
Let f(b) be the first derivative of -b**3/3 + 5*b**2/2 + 6*b - 59. What is f(5)?
6
Let a(y) = -y**3 - y + 1. Let w(c) = -2*c - 16. Let j be (108/(-24))/((-1)/(-2)). Let p be w(j). Calculate a(p).
-9
Let y = 122 + -115. Let f(u) = 5*